{"id":1463,"date":"2025-01-20T09:28:18","date_gmt":"2025-01-20T09:28:18","guid":{"rendered":"http:\/\/erfolg.lv\/?page_id=1463"},"modified":"2025-01-20T09:28:19","modified_gmt":"2025-01-20T09:28:19","slug":"selbstbedienungswascherei-2","status":"publish","type":"page","link":"https:\/\/erfolg.lv\/?page_id=1463&lang=de","title":{"rendered":"SELBSTBEDIENUNGSW\u00c4SCHEREI"},"content":{"rendered":"\n<p>Wir bieten in Daugavpils einen Selbstbedienungs-W\u00e4schereiservice an. SB-W\u00e4scherei \u201eCopywash\u201c ist:<\/p>\n\n\n\n<p>Moderne und zuverl\u00e4ssige Wasch- und Trockenger\u00e4te<\/p>\n\n\n\n<p>G\u00fcnstige Preise \u2013 eine Ladung bis 10 kg f\u00fcr 5,00 Euro mit eigenem Waschmittel, f\u00fcr 6,00 Euro kostet das Waschen inklusive Waschmittel, Trocknen \u2013 4,00 Euro.<\/p>\n\n\n\n<p>M\u00f6glichkeit zum Waschen gro\u00dfer W\u00e4schest\u00fccke (Decken, Daunenjacken, Decken etc.)<\/p>\n\n\n\n<p>Dank moderner professioneller Technologie erh\u00e4lt der Kunde ein hochwertig gewaschenes und getrocknetes Kleidungsst\u00fcck.<\/p>\n\n\n\n<p>Eins-zwei und Ihre Sachen sind in nur 1 \u2013 1,50 Stunden trocken und sauber!<\/p>\n\n\n\n<p>W\u00e4hrend Sie warten, k\u00f6nnen Sie unser WLAN nutzen oder Ihren Gesch\u00e4ften nachgehen, w\u00e4hrend Ihre W\u00e4sche gewaschen wird.<\/p>\n\n\n\n<p>Die W\u00e4scherei ist t\u00e4glich von 9:00 bis 16:00 Uhr in der Mikhoelsa-Stra\u00dfe 7 in Daugavpils ge\u00f6ffnet (Eingang vom Hof).<\/p>\n\n\n\n<p>Anmeldung per Telefon 25912250<\/p>\n","protected":false},"excerpt":{"rendered":"<p>Wir bieten in Daugavpils einen Selbstbedienungs-W\u00e4schereiservice an. SB-W\u00e4scherei \u201eCopywash\u201c ist: Moderne und zuverl\u00e4ssige Wasch- und Trockenger\u00e4te G\u00fcnstige Preise \u2013 eine Ladung bis 10 kg f\u00fcr 5,00 Euro mit eigenem Waschmittel, f\u00fcr 6,00 Euro kostet das Waschen inklusive Waschmittel, Trocknen \u2013 4,00 Euro. M\u00f6glichkeit zum Waschen gro\u00dfer W\u00e4schest\u00fccke (Decken, Daunenjacken, Decken etc.) Dank moderner professioneller Technologie [&hellip;]<\/p>\n","protected":false},"author":2,"featured_media":123,"parent":1455,"menu_order":0,"comment_status":"closed","ping_status":"closed","template":"","meta":[],"_links":{"self":[{"href":"https:\/\/erfolg.lv\/index.php?rest_route=\/wp\/v2\/pages\/1463"}],"collection":[{"href":"https:\/\/erfolg.lv\/index.php?rest_route=\/wp\/v2\/pages"}],"about":[{"href":"https:\/\/erfolg.lv\/index.php?rest_route=\/wp\/v2\/types\/page"}],"author":[{"embeddable":true,"href":"https:\/\/erfolg.lv\/index.php?rest_route=\/wp\/v2\/users\/2"}],"replies":[{"embeddable":true,"href":"https:\/\/erfolg.lv\/index.php?rest_route=%2Fwp%2Fv2%2Fcomments&post=1463"}],"version-history":[{"count":1,"href":"https:\/\/erfolg.lv\/index.php?rest_route=\/wp\/v2\/pages\/1463\/revisions"}],"predecessor-version":[{"id":1464,"href":"https:\/\/erfolg.lv\/index.php?rest_route=\/wp\/v2\/pages\/1463\/revisions\/1464"}],"up":[{"embeddable":true,"href":"https:\/\/erfolg.lv\/index.php?rest_route=\/wp\/v2\/pages\/1455"}],"wp:featuredmedia":[{"embeddable":true,"href":"https:\/\/erfolg.lv\/index.php?rest_route=\/wp\/v2\/media\/123"}],"wp:attachment":[{"href":"https:\/\/erfolg.lv\/index.php?rest_route=%2Fwp%2Fv2%2Fmedia&parent=1463"}],"curies":[{"name":"wp","href":"https:\/\/api.w.org\/{rel}","templated":true}]}}