{"id":66,"date":"2023-05-09T19:33:20","date_gmt":"2023-05-09T19:33:20","guid":{"rendered":"http:\/\/erfolg.lv\/?page_id=66"},"modified":"2023-05-21T21:14:22","modified_gmt":"2023-05-21T21:14:22","slug":"macibu-centrs","status":"publish","type":"page","link":"http:\/\/erfolg.lv\/?page_id=66&lang=lv","title":{"rendered":"M\u0101c\u012bbu centrs"},"content":{"rendered":"\n<p><strong>M\u0101c\u012bbu centrs ERFOLG pied\u0101v\u0101:<\/strong><\/p>\n\n\n\n<figure class=\"is-layout-flex wp-block-gallery-1 wp-block-gallery has-nested-images columns-default is-cropped\">\n<figure class=\"wp-block-image size-large\"><img decoding=\"async\" loading=\"lazy\" width=\"960\" height=\"679\" data-id=\"69\"  src=\"http:\/\/erfolg.lv\/wp-content\/uploads\/2023\/05\/angl_kursi.png\" alt=\"\" class=\"wp-image-69\" srcset=\"http:\/\/erfolg.lv\/wp-content\/uploads\/2023\/05\/angl_kursi.png 960w, http:\/\/erfolg.lv\/wp-content\/uploads\/2023\/05\/angl_kursi-300x212.png 300w, http:\/\/erfolg.lv\/wp-content\/uploads\/2023\/05\/angl_kursi-768x543.png 768w\" sizes=\"(max-width: 960px) 100vw, 960px\" \/><\/figure>\n\n\n\n<figure class=\"wp-block-image size-large\"><img decoding=\"async\" loading=\"lazy\" width=\"726\" height=\"1024\" data-id=\"67\"  src=\"http:\/\/erfolg.lv\/wp-content\/uploads\/2023\/05\/336354615_1977952372536697_7791303699615996218_n-1-726x1024.jpg\" alt=\"\" class=\"wp-image-67\" srcset=\"http:\/\/erfolg.lv\/wp-content\/uploads\/2023\/05\/336354615_1977952372536697_7791303699615996218_n-1-726x1024.jpg 726w, http:\/\/erfolg.lv\/wp-content\/uploads\/2023\/05\/336354615_1977952372536697_7791303699615996218_n-1-213x300.jpg 213w, http:\/\/erfolg.lv\/wp-content\/uploads\/2023\/05\/336354615_1977952372536697_7791303699615996218_n-1-768x1083.jpg 768w, http:\/\/erfolg.lv\/wp-content\/uploads\/2023\/05\/336354615_1977952372536697_7791303699615996218_n-1-1090x1536.jpg 1090w, http:\/\/erfolg.lv\/wp-content\/uploads\/2023\/05\/336354615_1977952372536697_7791303699615996218_n-1.jpg 1240w\" sizes=\"(max-width: 726px) 100vw, 726px\" \/><\/figure>\n\n\n\n<figure class=\"wp-block-image size-large\"><img decoding=\"async\" loading=\"lazy\" width=\"726\" height=\"1024\" data-id=\"68\"  src=\"http:\/\/erfolg.lv\/wp-content\/uploads\/2023\/05\/340759719_1603107380168924_2870161921346504877_n-726x1024.jpg\" alt=\"\" class=\"wp-image-68\" srcset=\"http:\/\/erfolg.lv\/wp-content\/uploads\/2023\/05\/340759719_1603107380168924_2870161921346504877_n-726x1024.jpg 726w, http:\/\/erfolg.lv\/wp-content\/uploads\/2023\/05\/340759719_1603107380168924_2870161921346504877_n-213x300.jpg 213w, http:\/\/erfolg.lv\/wp-content\/uploads\/2023\/05\/340759719_1603107380168924_2870161921346504877_n-768x1083.jpg 768w, http:\/\/erfolg.lv\/wp-content\/uploads\/2023\/05\/340759719_1603107380168924_2870161921346504877_n-1090x1536.jpg 1090w, http:\/\/erfolg.lv\/wp-content\/uploads\/2023\/05\/340759719_1603107380168924_2870161921346504877_n.jpg 1240w\" sizes=\"(max-width: 726px) 100vw, 726px\" \/><\/figure>\n<\/figure>\n\n\n\n<p>M\u0101c\u012bbu centrs ERFOLG pied\u0101v\u0101:<\/p>\n\n\n\n<ul>\n<li><strong><a href=\"http:\/\/erfolg.lv\/?page_id=89&amp;lang=lv\">ANG\u013bU VALODAS KURSI<\/a><\/strong><\/li>\n\n\n\n<li><strong><a href=\"http:\/\/erfolg.lv\/?page_id=100&amp;lang=lv\">LATVIE\u0160U VALODAS KURSI<\/a><\/strong><\/li>\n\n\n\n<li><strong><a href=\"http:\/\/erfolg.lv\/?page_id=100&amp;lang=lv\">V\u0100CU VALODAS KURSI<\/a><\/strong><\/li>\n<\/ul>\n","protected":false},"excerpt":{"rendered":"<p>M\u0101c\u012bbu centrs ERFOLG pied\u0101v\u0101: M\u0101c\u012bbu centrs ERFOLG pied\u0101v\u0101:<\/p>\n","protected":false},"author":1,"featured_media":0,"parent":0,"menu_order":0,"comment_status":"closed","ping_status":"closed","template":"","meta":[],"_links":{"self":[{"href":"http:\/\/erfolg.lv\/index.php?rest_route=\/wp\/v2\/pages\/66"}],"collection":[{"href":"http:\/\/erfolg.lv\/index.php?rest_route=\/wp\/v2\/pages"}],"about":[{"href":"http:\/\/erfolg.lv\/index.php?rest_route=\/wp\/v2\/types\/page"}],"author":[{"embeddable":true,"href":"http:\/\/erfolg.lv\/index.php?rest_route=\/wp\/v2\/users\/1"}],"replies":[{"embeddable":true,"href":"http:\/\/erfolg.lv\/index.php?rest_route=%2Fwp%2Fv2%2Fcomments&post=66"}],"version-history":[{"count":5,"href":"http:\/\/erfolg.lv\/index.php?rest_route=\/wp\/v2\/pages\/66\/revisions"}],"predecessor-version":[{"id":108,"href":"http:\/\/erfolg.lv\/index.php?rest_route=\/wp\/v2\/pages\/66\/revisions\/108"}],"wp:attachment":[{"href":"http:\/\/erfolg.lv\/index.php?rest_route=%2Fwp%2Fv2%2Fmedia&parent=66"}],"curies":[{"name":"wp","href":"https:\/\/api.w.org\/{rel}","templated":true}]}}