{"id":114,"date":"2023-05-01T21:45:06","date_gmt":"2023-05-01T21:45:06","guid":{"rendered":"http:\/\/erfolg.lv\/?page_id=114"},"modified":"2023-05-21T21:49:22","modified_gmt":"2023-05-21T21:49:22","slug":"tulkojumi","status":"publish","type":"page","link":"http:\/\/erfolg.lv\/?page_id=114&lang=lv","title":{"rendered":"<strong>TULKOJUMI<\/strong>"},"content":{"rendered":"\n<p>Pied\u0101v\u0101j\u0101m rakstisk\u0101s tulko\u0161anas pakalpojumus no\/uz v\u0101cu, krievu, latvie\u0161u un ang\u013cu valod\u0101m.<\/p>\n\n\n\n<p>Iztulkosim:<\/p>\n\n\n\n<p>J\u016bsu dzim\u0161anas, laul\u012bbas un citas apliec\u012bbas;<\/p>\n\n\n\n<p>Izgl\u012bt\u012bbas dokumentus, sertifik\u0101tus un diplomus;<\/p>\n\n\n\n<p>Medic\u012bnas dokumentus;<\/p>\n\n\n\n<p>Darba un pensiju gr\u0101mati\u0146as;<\/p>\n\n\n\n<p>Tiesu dokumentus;<\/p>\n\n\n\n<p>M\u0101kslinieciskus tekstus.<\/p>\n\n\n\n<p>Atbild\u0113sim uz J\u016bsu v\u0113stul\u0113m un e-pastiem jebkur\u0101 no iepriek\u0161 min\u0113taj\u0101m valod\u0101m, k\u0101 ar\u012b pal\u012bdz\u0113sim Jums piezvan\u012bt person\u012bgos vai biznesa jaut\u0101jumos uz V\u0101ciju un cit\u0101m valst\u012bm, aizpild\u012bsim anketas un pieteikumus.<\/p>\n\n\n\n<p>Materi\u0101lus tulko\u0161anai pie\u0146emam pap\u012bra un elektroniskaj\u0101 form\u0101t\u0101.<\/p>\n\n\n\n<p>Cena par rakstisko tulkojumu: no 12 EUR (1800 z\u012bmes)<\/p>\n\n\n\n<p>Biedr\u012bba ERFOLG<\/p>\n\n\n\n<p>Daugavpils, Mihoelsa iela 7-1a<\/p>\n\n\n\n<p>T\u0101lr., WhatsApp +371 22329443<\/p>\n\n\n\n<p>E-pasts: erfolg@inbox.lv<\/p>\n\n\n\n<p>Facebook @Erfolg.Biedriba<\/p>\n","protected":false},"excerpt":{"rendered":"<p>Pied\u0101v\u0101j\u0101m rakstisk\u0101s tulko\u0161anas pakalpojumus no\/uz v\u0101cu, krievu, latvie\u0161u un ang\u013cu valod\u0101m. Iztulkosim: J\u016bsu dzim\u0161anas, laul\u012bbas un citas apliec\u012bbas; Izgl\u012bt\u012bbas dokumentus, sertifik\u0101tus un diplomus; Medic\u012bnas dokumentus; Darba un pensiju gr\u0101mati\u0146as; Tiesu dokumentus; M\u0101kslinieciskus tekstus. Atbild\u0113sim uz J\u016bsu v\u0113stul\u0113m un e-pastiem jebkur\u0101 no iepriek\u0161 min\u0113taj\u0101m valod\u0101m, k\u0101 ar\u012b pal\u012bdz\u0113sim Jums piezvan\u012bt person\u012bgos vai biznesa jaut\u0101jumos uz V\u0101ciju [&hellip;]<\/p>\n","protected":false},"author":1,"featured_media":115,"parent":117,"menu_order":0,"comment_status":"closed","ping_status":"closed","template":"","meta":[],"_links":{"self":[{"href":"http:\/\/erfolg.lv\/index.php?rest_route=\/wp\/v2\/pages\/114"}],"collection":[{"href":"http:\/\/erfolg.lv\/index.php?rest_route=\/wp\/v2\/pages"}],"about":[{"href":"http:\/\/erfolg.lv\/index.php?rest_route=\/wp\/v2\/types\/page"}],"author":[{"embeddable":true,"href":"http:\/\/erfolg.lv\/index.php?rest_route=\/wp\/v2\/users\/1"}],"replies":[{"embeddable":true,"href":"http:\/\/erfolg.lv\/index.php?rest_route=%2Fwp%2Fv2%2Fcomments&post=114"}],"version-history":[{"count":1,"href":"http:\/\/erfolg.lv\/index.php?rest_route=\/wp\/v2\/pages\/114\/revisions"}],"predecessor-version":[{"id":116,"href":"http:\/\/erfolg.lv\/index.php?rest_route=\/wp\/v2\/pages\/114\/revisions\/116"}],"up":[{"embeddable":true,"href":"http:\/\/erfolg.lv\/index.php?rest_route=\/wp\/v2\/pages\/117"}],"wp:featuredmedia":[{"embeddable":true,"href":"http:\/\/erfolg.lv\/index.php?rest_route=\/wp\/v2\/media\/115"}],"wp:attachment":[{"href":"http:\/\/erfolg.lv\/index.php?rest_route=%2Fwp%2Fv2%2Fmedia&parent=114"}],"curies":[{"name":"wp","href":"https:\/\/api.w.org\/{rel}","templated":true}]}}